9 a multiple of 19?
False
Does 6 divide 1344?
True
Is 2 a factor of 37?
False
Does 17 divide 31595?
False
Is 41 a factor of 18025?
False
Does 11 divide 238?
False
Does 40 divide 3480?
True
Is 16 a factor of 160?
True
Does 18 divide 144?
True
Is 8332 a multiple of 8?
False
Is 3621 a multiple of 5?
False
Is 14800 a multiple of 10?
True
Is 677 a multiple of 10?
False
Is 14949 a multiple of 99?
True
Is 1556 a multiple of 5?
False
Is 10 a factor of 2892?
False
Is 2296 a multiple of 29?
False
Is 4 a factor of 24629?
False
Does 6 divide 11724?
True
Does 17 divide 1424?
False
Does 40 divide 8526?
False
Is 6534 a multiple of 6?
True
Is 9594 a multiple of 9?
True
Does 17 divide 50810?
False
Is 604 a multiple of 25?
False
Is 3 a factor of 922?
False
Is 700 a multiple of 7?
True
Is 11 a factor of 1974?
False
Does 52 divide 1664?
True
Is 7 a factor of 448?
True
Is 6 a factor of 40020?
True
Is 252 a multiple of 16?
False
Is 456 a multiple of 24?
True
Is 1585 a multiple of 4?
False
Does 34 divide 50347?
False
Is 22 a factor of 1584?
True
Does 49 divide 686?
True
Is 19 a factor of 1155?
False
Does 35 divide 739?
False
Is 29 a factor of 12180?
True
Is 26 a factor of 338?
True
Does 20 divide 180?
True
Is 10 a factor of 7391?
False
Does 59 divide 923?
False
Is 29 a factor of 203?
True
Is 124 a factor of 7711?
False
Is 14 a factor of 630?
True
Is 20 a factor of 840?
True
Does 3 divide 2435?
False
Is 3 a factor of 2624?
False
Is 88 a factor of 528?
True
Is 5581 a multiple of 10?
False
Is 3597 a multiple of 18?
False
Is 3972 a multiple of 7?
False
Is 9 a factor of 16704?
True
Is 29 a factor of 17403?
False
Is 19 a factor of 1117?
False
Is 21 a factor of 3485?
False
Is 10 a factor of 72560?
True
Is 1344 a multiple of 32?
True
Does 14 divide 6531?
False
Does 43 divide 7684?
False
Is 918 a multiple of 51?
True
Is 4 a factor of 42944?
True
Is 1584 a multiple of 8?
True
Is 101 a factor of 1616?
True
Does 50 divide 26172?
False
Is 1670 a multiple of 23?
False
Is 5 a factor of 1317?
False
Is 1537 a multiple of 22?
False
Is 137 a factor of 4658?
True
Is 18542 a multiple of 127?
True
Does 9 divide 954?
True
Is 1473 a multiple of 22?
False
Is 102 a multiple of 6?
True
Does 55 divide 1815?
True
Does 11 divide 942?
False
Is 56960 a multiple of 20?
True
Is 7 a factor of 42938?
True
Is 59517 a multiple of 153?
True
Is 8 a factor of 3205?
False
Is 4 a factor of 1144?
True
Does 70 divide 7490?
True
Is 1782 a multiple of 11?
True
Is 1750 a multiple of 70?
True
Is 1645 a multiple of 43?
False
Is 31 a factor of 3255?
True
Does 26 divide 17914?
True
Is 3 a factor of 13?
False
Does 19 divide 2598?
False
Is 19740 a multiple of 207?
False
Is 420 a multiple of 30?
True
Does 46 divide 6670?
True
Is 71 a factor of 1016?
False
Does 19 divide 4921?
True
Is 2 a factor of 3851?
False
Does 3 divide 2779?
False
Is 37 a factor of 814?
True
Is 10609 a multiple of 3?
False
Does 46 divide 14352?
True
Does 3 divide 2532?
True
Is 92 a factor of 4059?
False
Is 8 a factor of 14?
False
Is 90768 a multiple of 62?
True
Is 36 a factor of 606?
False
Is 11 a factor of 1034?
True
Does 8 divide 304?
True
Is 4 a factor of 1222?
False
Does 11 divide 594?
True
Does 35 divide 17605?
True
Is 8 a factor of 637?
False
Is 5595 a multiple of 5?
True
Does 31 divide 713?
True
Is 85 a factor of 3315?
True
Is 98 a multiple of 6?
False
Does 231 divide 1617?
True
Is 36715 a multiple of 16?
False
Is 2365 a multiple of 43?
True
Does 161 divide 30590?
True
Does 88 divide 2746?
False
Is 822 a multiple of 3?
True
Is 37 a factor of 148?
True
Does 33 divide 22242?
True
Is 61 a factor of 78629?
True
Is 185 a multiple of 37?
True
Is 114 a factor of 2314?
False
Is 19 a factor of 41073?
False
Is 62 a factor of 1584?
False
Is 30 a factor of 660?
True
Does 37 divide 27639?
True
Is 11 a factor of 828?
False
Does 7 divide 388?
False
Does 24 divide 2847?
False
Is 21 a factor of 10441?
False
Does 7 divide 1771?
True
Is 53 a factor of 1219?
True
Does 36 divide 1837?
False
Does 16 divide 2576?
True
Is 114590 a multiple of 35?
True
Is 30680 a multiple of 105?
False
Does 14 divide 1988?
True
Is 1160 a multiple of 84?
False
Is 7931 a multiple of 9?
False
Is 6 a factor of 22?
False
Does 5 divide 196?
False
Does 15 divide 27817?
False
Does 5 divide 554?
False
Is 16920 a multiple of 36?
True
Does 6 divide 2279?
False
Does 166 divide 45157?
False
Is 1316 a multiple of 47?
True
Is 358 a multiple of 3?
False
Is 9228 a multiple of 14?
False
Is 65 a factor of 17167?
False
Is 399 a multiple of 22?
False
Does 34 divide 804?
False
Does 43 divide 19317?
False
Is 96 a factor of 2641?
False
Is 3570 a multiple of 35?
True
Is 1196 a multiple of 20?
False
Does 85 divide 8500?
True
Is 291 a multiple of 34?
False
Is 43 a factor of 7625?
False
Is 33 a factor of 13250?
False
Does 4 divide 93?
False
Does 30 divide 450?
True
Does 48 divide 1632?
True
Does 9 divide 126?
True
Is 9 a factor of 4719?
False
Does 10 divide 8967?
False
Is 1683 a multiple of 17?
True
Does 27 divide 41?
False
Is 1112 a multiple of 8?
True
Is 253 a multiple of 10?
False
Is 6519 a multiple of 29?
False
Does 5 divide 373?
False
Is 11 a factor of 96?
False
Is 2299 a multiple of 7?
False
Does 27 divide 2189?
False
Is 10770 a multiple of 30?
True
Is 41283 a multiple of 27?
True
Is 1548 a multiple of 14?
False
Is 11 a factor of 4316?
False
Does 17 divide 3879?
False
Is 5305 a multiple of 60?
False
Is 701 a multiple of 29?
False
Is 14 a factor of 524?
False
Is 93 a factor of 3534?
True
Is 192 a multiple of 32?
True
Is 79 a factor of 680?
False
Does 43 divide 29478?
False
Is 3242 a multiple of 16?
False
Is 9 a factor of 5086?
False
Is 8 a factor of 11281?
False
Is 24 a factor of 288?
True
Does 2 divide 180?
True
Is 9542 a multiple of 26?
True
Is 61 a factor of 66185?
True
Does 10 divide 5510?
True
Is 28960 a multiple of 181?
True
Is 2757 a multiple of 18?
False
Is 5928 a multiple of 24?
True
Does 3 divide 82?
False
Is 68 a factor of 1020?
True
Is 20 a factor of 2764?
False
Is 6 a factor of 32?
False
Is 1883 a multiple of 7?
True
Is 5 a factor of 239?
False
Is 2686 a multiple of 17?
True
Does 52 divide 1144?
True
Is 4123 a multiple of 4?
False
Is 62 a factor of 762?
False
Is 23205 a multiple of 35?
True
Is 33 a factor of 1122?
True
Is 2455 a multiple of 10?
False
Is 16 a factor of 5855?
False
Does 18 divide 28805?
False
Does 99 divide 5354?
False
Is 425 a multiple of 58?
False
Is 19073 a multiple of 158?
False
Does 4 divide 62?
False
Is 6 a factor of 3592?
False
Is 2562 a multiple of 56?
False
Is 7 a factor of 525?
True
Is 32 a factor of 2293?
False
Does 50 divide 41400?
True
Does 67 divide 28033?
False
Is 41364 a multiple of 116?
False
Is 58 a factor of 997?
False
Does 168 divide 58818?
False
Is 188 a factor of 16920?
True
Is 28080 a multiple of 26?
True
Is 17 a factor of 1160?
False
Is 23 even?
False
Is 22 a factor of 5192?
True
Does 9 divide 2682?
True
Does 85 divide 2975?
True
Is 14 a factor of 10430?
True
Does 3 divide 564?
True
Does 11 divide 177?
False
Is 16302 a multiple of 57?
True
Is 2 a factor of 952?
True
Does 15 divide 16746?
False
Is 345 even?
False
Does 384 divide 53376?
True
Is 53 a factor of 36729?
True
Is 57 a factor of 70509?
True
Does 105 divide 12915?
True
Does 3 divide 1928?
False
Does 23 divide 1127?
True
Does 8 divide 73569?
False
Is 24963 a multiple of 87?
False
Is 11 a factor of 1298?
True
Is 1716 a multiple of 13?
True
Is 42 a factor of 150?
False
Is 5 a factor of 80?
True
Is 2964 a multiple of 13?
True
Does 18 divide 2070?
True
Is 551 a multiple of 29?
True
Is 4953 a multiple of 39?
True
Is 2537 a multiple of 15?
False
Does 7 divide 6951?
True
Is 19 a factor of 80389?
True
Is 11063 a multiple of 13?
True
Does 50 divide 4100?
True
Does 21 divide 154?
False
Is 5 a factor of 13090?
True
Does 2 divide 4111?
False
Is 6066 a multiple of 40?
False
Does 9 divide 291?
False
Is 22 a factor of 8330?
False
Is 10 a factor of 6270?
True
Is 7 a factor of 1036?
True
Is 560 a multiple of 28?
True
Is 2 a factor of 11?
False
Is 1162 a multiple of 31?
False
Does 14 divide 168?
True
Is 11 a factor of 436?
False
Is 19474 a multiple of 20?
False
Does 11 divide 662?
False
Does 38 divide 2432?
True
Is 1664 a multiple of 17?
False
Does 14 divide 18928?
True
Does 20 divide 29860?
True
Is 2549 a multi